, 71, 73
What are the prime factors of 4972877?
7, 13, 54647
What are the prime factors of 4942356?
2, 3, 19, 53, 409
What are the prime factors of 7465738?
2, 7, 10883
List the prime factors of 2090011.
7, 11, 27143
List the prime factors of 1871127.
3, 37, 1873
List the prime factors of 320626.
2, 160313
List the prime factors of 2650990.
2, 5, 179, 1481
What are the prime factors of 1532089?
13, 67, 1759
List the prime factors of 20650506.
2, 3, 149, 23099
List the prime factors of 289954.
2, 7, 139, 149
What are the prime factors of 789224?
2, 47, 2099
What are the prime factors of 1844000?
2, 5, 461
List the prime factors of 464263.
464263
What are the prime factors of 1243488?
2, 3, 12953
What are the prime factors of 4554971?
4554971
What are the prime factors of 1695657?
3, 97, 5827
What are the prime factors of 16215639?
3, 11, 487, 1009
What are the prime factors of 455113?
199, 2287
List the prime factors of 2728571.
19, 143609
What are the prime factors of 6227533?
13, 479041
What are the prime factors of 7370892?
2, 3, 139, 491
List the prime factors of 449370.
2, 3, 5, 4993
List the prime factors of 1038794.
2, 43, 47, 257
What are the prime factors of 464174?
2, 29, 53, 151
List the prime factors of 575044.
2, 233, 617
What are the prime factors of 519053?
43, 12071
List the prime factors of 16262790.
2, 3, 5, 542093
What are the prime factors of 314378?
2, 157189
What are the prime factors of 2871113?
7, 17, 23, 1049
What are the prime factors of 14073?
3, 4691
What are the prime factors of 2353378?
2, 17, 19, 3643
What are the prime factors of 230218?
2, 59, 1951
What are the prime factors of 6813278?
2, 263, 12953
What are the prime factors of 965542?
2, 19, 25409
What are the prime factors of 2972327?
47, 63241
List the prime factors of 36190661.
13, 23, 121039
What are the prime factors of 11764142?
2, 13, 223, 2029
List the prime factors of 254162.
2, 127081
List the prime factors of 11634268.
2, 2908567
List the prime factors of 6447047.
6447047
List the prime factors of 902890.
2, 5, 90289
What are the prime factors of 2610560?
2, 5, 4079
List the prime factors of 13359938.
2, 47, 311, 457
List the prime factors of 353358.
2, 3, 67, 293
List the prime factors of 872136.
2, 3, 12113
List the prime factors of 72449.
13, 5573
What are the prime factors of 77729?
19, 4091
What are the prime factors of 9296516?
2, 2324129
List the prime factors of 200807.
200807
List the prime factors of 341225.
5, 13649
What are the prime factors of 511867?
511867
What are the prime factors of 247330?
2, 5, 24733
List the prime factors of 5771169.
3, 71249
List the prime factors of 3035901.
3, 11, 91997
List the prime factors of 233057.
11, 21187
List the prime factors of 139989.
3, 46663
List the prime factors of 2679447.
3, 893149
List the prime factors of 10744992.
2, 3, 37309
List the prime factors of 14014.
2, 7, 11, 13
List the prime factors of 49234.
2, 103, 239
What are the prime factors of 18315640?
2, 5, 7, 65413
List the prime factors of 8202685.
5, 89, 18433
What are the prime factors of 3185620?
2, 5, 149, 1069
List the prime factors of 103946.
2, 51973
List the prime factors of 27853123.
17, 397, 4127
What are the prime factors of 2280466?
2, 1140233
What are the prime factors of 800389?
31, 25819
List the prime factors of 11073452.
2, 13, 61, 3491
List the prime factors of 1194750.
2, 3, 5, 59
List the prime factors of 648956.
2, 7, 11, 43
What are the prime factors of 8170202?
2, 59, 69239
List the prime factors of 5348739.
3, 11, 109, 1487
List the prime factors of 44004485.
5, 7, 61, 20611
What are the prime factors of 8272001?
101, 81901
What are the prime factors of 188645?
5, 29, 1301
List the prime factors of 5146164.
2, 3, 142949
List the prime factors of 27802745.
5, 23, 419, 577
List the prime factors of 145502.
2, 7, 19, 547
What are the prime factors of 20457620?
2, 5, 1022881
What are the prime factors of 126851?
126851
What are the prime factors of 21319053?
3, 7, 167, 6079
What are the prime factors of 9228?
2, 3, 769
List the prime factors of 14860792.
2, 1857599
What are the prime factors of 74595?
3, 5, 4973
What are the prime factors of 550642?
2, 275321
List the prime factors of 893353.
139, 6427
List the prime factors of 4741705.
5, 107, 8863
List the prime factors of 19817359.
17, 1165727
What are the prime factors of 1328991?
3, 442997
List the prime factors of 9210800.
2, 5, 23027
What are the prime factors of 65547?
3, 7283
What are the prime factors of 251385?
3, 5, 16759
List the prime factors of 211819.
191, 1109
List the prime factors of 372881.
372881
List the prime factors of 265264.
2, 59, 281
List the prime factors of 950422.
2, 11, 43201
What are the prime factors of 4153134?
2, 3, 17, 19, 2143
What are the prime factors of 5097258?
2, 3, 283181
List the prime factors of 813034.
2, 406517
List the prime factors of 3465052.
2, 283, 3061
List the prime factors of 498385.
5, 263, 379
List the prime factors of 1550861.
13, 119297
What are the prime factors of 534613?
37, 14449
List the prime factors of 524013.
3, 7, 24953
List the prime factors of 183581.
183581
List the prime factors of 749560.
2, 5, 7, 2677
List the prime factors of 1538259.
3, 19, 26987
What are the prime factors of 418261?
43, 71, 137
List the prime factors of 2115952.
2, 132247
List the prime factors of 3308111.
647, 5113
What are the prime factors of 3236916?
2, 3, 19, 14197
What are the prime factors of 493620?
2, 3, 5, 19, 433
List the prime factors of 236975.
5, 9479
What are the prime factors of 19754972?
2, 61, 80963
List the prime factors of 1553723.
1553723
What are the prime factors of 186564?
2, 3, 7, 2221
What are the prime factors of 76762?
2, 7, 5483
List the prime factors of 699391.
7, 11, 31, 293
List the prime factors of 4335356.
2, 1083839
List the prime factors of 371176.
2, 13, 43, 83
What are the prime factors of 459027?
3, 1889
List the prime factors of 69299.
23, 131
What are the prime factors of 9419847?
3, 73, 43013
List the prime factors of 7304183.
7304183
What are the prime factors of 13345456?
2, 37, 22543
List the prime factors of 826037.
826037
What are the prime factors of 594285?
3, 5, 39619
What are the prime factors of 245428?
2, 61357
What are the prime factors of 12970?
2, 5, 1297
List the prime factors of 1216715.
5, 243343
List the prime factors of 34368.
2, 3, 179
List the prime factors of 1266454.
2, 7, 12923
List the prime factors of 4677696.
2, 3, 2707
List the prime factors of 5164450.
2, 5, 103289
What are the prime factors of 128530?
2, 5, 12853
What are the prime factors of 9036573?
3, 7, 13, 79, 419
What are the prime factors of 11858569?
11858569
List the prime factors of 2554746.
2, 3, 425791
List the prime factors of 296454.
2, 3, 49409
What are the prime factors of 22453119?
3, 13, 21323
What are the prime factors of 143344?
2, 17, 31
What are the prime factors of 27347362?
2, 7, 1953383
List the prime factors of 2566795.
5, 7, 11, 59, 113
List the prime factors of 3371008.
2, 823
What are the prime factors of 7357281?
3, 2452427
List the prime factors of 2229550.
2, 5, 17, 43, 61
What are the prime factors of 1810739?
7, 258677
What are the prime factors of 255011?
271, 941
What are the prime factors of 5626250?
2, 5, 7, 643
What are the prime factors of 328374?
2, 3, 2027
What are the prime factors of 1247460?
2, 3, 5, 17, 1223
What are the prime factors of 100612?
2, 25153
List the prime factors of 514512.
2, 3, 397
What are the prime factors of 1842935?
5, 197, 1871
List the prime factors of 358384.
2, 13, 1723
List the prime factors of 9863859.
3, 17, 31, 367
What are the prime factors of 5998585?
5, 19, 233, 271
List the prime factors of 21220.
2, 5, 1061
What are the prime factors of 19519546?
2, 619, 15767
List the prime factors of 7051052.
2, 19, 257
What are the prime factors of 24084052?
2, 71, 137, 619
List the prime factors of 2029602.
2, 3, 338267
What are the prime factors of 684936?
2, 3, 7, 151
What are the prime factors of 1452629?
31, 47, 997
List the prime factors of 7042676.
2, 1760669
List the prime factors of 39988110.
2, 3, 5, 331, 4027
What are the prime factors of 5402546?
2, 263, 10271
What are the prime factors of 2509504?
2, 113, 347
What are